e number?
False
Let g be (-2)/(-8) + (-37)/4. Let i = -6 - g. Suppose 0 = 3*w - i*r - 33, -2*w + 0*w - 5*r = -22. Is w prime?
True
Let d(p) = 4*p**3 + 2*p**2 - 3*p. Let b be d(3). Let s be 5/(-2*(-1)/(-28)). Let c = s + b. Is c a composite number?
False
Let t = 3 - 1. Suppose -6*q + t*q = -140. Is q a composite number?
True
Suppose 3*u + g - 16 = 0, u = 3*g + 1 + 1. Suppose 4*y - 5*d = 1085, u*d - 961 = -3*y - 191. Is y a prime number?
False
Suppose -21 = -2*b - 5*p, 0*b = 4*b - p + 13. Let r = b - -2. Let n(z) = z**2 + 211. Is n(r) a composite number?
False
Let q(c) = c**3 - 2*c**2 - 2*c. Let w be q(2). Let u = w + 9. Suppose -j + 54 = u. Is j prime?
False
Let p(y) be the third derivative of y**6/120 - 7*y**5/60 + y**4/3 + 3*y**2. Let z be p(6). Suppose -3*u + 2*c + 31 = -22, 3*c + z = 0. Is u composite?
True
Let q = -571 - -864. Is q prime?
True
Suppose -2*k + 97 = -q - 73, -4*k - 5*q = -326. Suppose 0 = -4*t + k + 48. Is t a prime number?
False
Let j = -344 - -631. Is j a prime number?
False
Let m be 0/(-3) + 330/2. Suppose -2*g + 262 = 5*b + 94, m = 5*b + 5*g. Suppose -w + b = 1. Is w composite?
True
Suppose 4 = l + 3. Suppose 3 + l = o. Suppose 2*c - b = 22, 2*b = c + o*b - 11. Is c a composite number?
False
Suppose 4*p - 6*p + 226 = 0. Is p composite?
False
Let z(k) = k**2 - 7*k - 8. Let t be z(8). Suppose t = -3*g - 2*c + 207, 4*c - 298 = -3*g - 85. Is g composite?
False
Let p = 3 - 4. Let t = p - -6. Suppose -t*w + 4*w = -4. Is w a composite number?
True
Let b(t) = -t**3 + 8*t**2 + t - 7. Let q be b(8). Let k(p) = 54*p**3 - 1. Is k(q) composite?
False
Suppose 2 = -2*l + 8. Suppose 0 = -l*f + 6 + 3. Suppose -f*d - 222 = -2*s, 3*s - 5*d = -2*s + 555. Is s a prime number?
False
Is (-274)/(-2) + (-10 - -6) a composite number?
True
Let b be 4/(-6)*(1 + -4). Suppose b*p + n = 136, 3*p - n - 132 = p. Is p a prime number?
True
Let j = 10 - 5. Suppose 5*i - 435 = -j*u, i - 6 = 4*i. Is u a prime number?
True
Let j(g) = 83*g**2 - 11*g + 19. Is j(-9) a prime number?
True
Let q be ((-1)/1)/((-2)/(-42)). Let n be (-6)/q - (-264)/7. Let a = n - -36. Is a a prime number?
False
Let r(z) = -1 - 3*z + 3*z + z**2. Let s be r(-3). Let f(j) = 17*j - 5. Is f(s) prime?
True
Let l(t) = 886*t**2 - 3*t + 4. Is l(1) prime?
True
Suppose 0 = 11*k - 14*k + 3849. Is k prime?
True
Let m(o) = 2*o**2 - 2*o + 1. Let s(t) = -3*t**2 + 3*t - 1. Let h(i) = -4*m(i) - 3*s(i). Suppose -3*b - 12 = 0, -j + 6*b = 4*b - 18. Is h(j) prime?
True
Let w(t) = 18*t + 1. Is w(7) composite?
False
Let m be (1 + 0)/1*-11. Let f(z) = z + 25. Let a be f(0). Let n = a + m. Is n a prime number?
False
Let s(m) = m**2 + 9*m. Let r be s(-8). Is (r/12)/((-4)/498) prime?
True
Suppose 0 = -3*f + 2*f + 4*l + 317, l + 984 = 3*f. Is f a composite number?
True
Let o = 81 - 53. Let a = 207 - o. Is a a prime number?
True
Let z = -119 + 177. Is z a prime number?
False
Let t(z) = -2*z**3 - 3*z**2 - 8*z. Let s(a) = a**3 - a. Let b(u) = s(u) + t(u). Let x be b(-7). Suppose -5*o = -x - 196. Is o composite?
True
Is 1057 + -8 + (0 - 0) prime?
True
Let y = 2 + -4. Is (y/(-4))/(2/124) a composite number?
False
Let u = 5624 + -2403. Is u a composite number?
False
Let x(c) = -c**3 - c**2. Let p(f) = -f**3 - 9*f**2 + 3. Let m = -4 + 3. Let b(q) = m*p(q) + 2*x(q). Is b(5) prime?
True
Let r(w) = 11*w + 13. Is r(6) a composite number?
False
Let s = 602 + -163. Is s a composite number?
False
Suppose z = -3*y + 2468, 0*z - 2*z + 4926 = 4*y. Is z a composite number?
True
Let v = 137 + 7. Let d = v - 47. Is d a composite number?
False
Let y(k) = -5*k**3 + 6*k**2 - k + 4. Let m be y(4). Let g = m - -373. Is g a composite number?
False
Let a = 33 + -9. Is (-3)/a*-4*278 a prime number?
True
Suppose 318 = 3*y - 3*p, -2*p = -0*y - 4*y + 434. Is y composite?
True
Suppose p = -3*l - 4*p + 6, 0 = -5*l - 5*p. Is l + (3 - 2) + 16 a prime number?
False
Let c be ((-6)/9)/((-2)/(-312)). Let v = c + 535. Is v prime?
True
Let v(o) = -198*o**3 + o**2 + 3*o + 1. Let j(q) = 395*q**3 - 3*q**2 - 7*q - 3. Let h(f) = -2*j(f) - 5*v(f). Is h(1) prime?
False
Suppose -5*k + 8885 = -0*k. Is k a composite number?
False
Suppose 3*d = 3*m - 60, -m - 53 = -4*m - 4*d. Is m a prime number?
True
Let s(a) = a**3 - 5*a**2 + 2*a + 5. Let b be s(4). Let n be ((-1)/b - -1)*3. Suppose -v + 3*v - n*o = 10, v - 5*o = -10. Is v a composite number?
True
Let c be 185/35 - (-2)/(-7). Let q = -2 + c. Suppose q*v - 5*u - 247 = 0, v + 4*u + 0*u - 105 = 0. Is v a composite number?
False
Let v = 1 - 0. Let u = 3 + -2. Suppose v = n - u. Is n a composite number?
False
Let s = -1 + 614. Is s prime?
True
Is (7002/45)/((-2)/(-10)) prime?
False
Suppose 0 = 8*o - 5345 - 3095. Is o prime?
False
Let n(l) = -l**2 - 5*l + 2. Let p be n(-5). Suppose -5*a - 36 = -2*j, p*a = a + 2. Is j composite?
False
Suppose 8 = -2*b + 3*f + 26, 5*b - 5*f - 35 = 0. Suppose 3*g - 150 = -g - 2*r, -b*g + 130 = -2*r. Suppose 0 = -2*c - 2*c + g. Is c prime?
False
Suppose 0 = 2*t - t + 88. Let a = t - -177. Suppose 0*f - a = -f. Is f prime?
True
Suppose 4*w + 4*g = -4, -w + 4*g + 21 = 7. Suppose 0 = -5*j + w*f - 3*f - 339, -f = j + 71. Is 2*j*(-1)/2 a prime number?
True
Let n(j) = -j**2 + 20*j - 5. Is n(10) composite?
True
Let r = -1148 + 614. Is (-6)/4*r/9 a composite number?
False
Suppose 2*z + 2*p = -z + 169, 0 = -5*p - 20. Is z composite?
False
Let b = 97 - -29. Suppose 3*w = p + 94, 4*p + b + 33 = 5*w. Is w prime?
True
Let q be 1/(1 + 37/(-38)). Suppose 2*u - q - 96 = 0. Is (u/(-2))/(1/(-2)) a prime number?
True
Let g(f) = 3*f - 8. Let n be g(6). Let v = n + 699. Is v composite?
False
Suppose 4*s - 430 - 1246 = 0. Is s a composite number?
False
Suppose 5*s + 11305 = -5*a, 6272 + 5018 = -5*a - 2*s. Let r = 3161 + a. Is r composite?
True
Let o be 3/9 + (-2)/6. Let d(r) = -r**2 + 77. Is d(o) composite?
True
Suppose 4*x = 5*x - 97. Is x composite?
False
Let w be (-1)/(-1 + (-34)/(-32)). Let a = w - -151. Suppose 0 = -l - 44 + a. Is l composite?
True
Let p = 63 + -44. Is p composite?
False
Let r(n) = -7*n**2 - 3*n. Let u be 0 + 2 + -6 - 0. Let c be r(u). Let d = c - -158. Is d prime?
False
Let j(u) = u**3 + u**2 + 89. Is j(0) composite?
False
Let c(z) be the second derivative of -7*z**5/10 - z**4/6 + z**2/2 - z. Is c(-1) prime?
True
Let r(c) = 27*c**3 + 2*c**2 + 2*c + 3. Let f(v) = 28*v**3 + 2*v**2 + 3*v + 4. Let p(u) = -3*f(u) + 4*r(u). Is p(1) composite?
True
Let d = -1 - -6. Let r be (5 - d)*(-1)/(-1). Suppose r = -l + 2*g + 17, -3*g + 40 = 3*l + 2*g. Is l a prime number?
False
Let x = 66 - 103. Let v = 86 + x. Is v a composite number?
True
Suppose -273 = 36*s - 39*s. Is s composite?
True
Let n = 7 - 4. Suppose 5*h = -3*x + 25, -x = n*x. Suppose -h*s - 4*r + 54 = 0, 4*r - 2 = 2*r. Is s a composite number?
True
Is (28/(-4))/((-4)/4684) a prime number?
False
Let d = 5012 - 3051. Is d prime?
False
Let o = 80 + -37. Suppose 0*c = -c + o. Is c composite?
False
Let g(b) = -10*b**2 - 7*b + 9. Let t be g(5). Is (2/4)/((-6)/t) composite?
False
Is 1 + (-1568)/(-20) - (-2)/(-5) prime?
True
Is 6/33 - (-9729)/33 prime?
False
Let g(q) = -q**2 - 4*q + 7. Let v be g(-5). Suppose 0*f - 98 = -v*f. Is f a composite number?
True
Let k be -3*((-2)/(-2) - -1). Is (-1160)/(-12) - 2/k a composite number?
False
Let f = -14 + 1519. Suppose 0 = 3*x + 2*x - f. Is x composite?
True
Let v = 55 - 28. Suppose -q = 3*t - 163, -3*q + 455 = 2*t - v. Suppose 3*j = -0*j - 5*x + 136, 0 = -5*j + 5*x + q. Is j composite?
False
Suppose -a + 2*a = 67. Is a a prime number?
True
Suppose 20*o - 11*o - 117 = 0. Is o prime?
True
Suppose -6*i = i - 679. Is i a prime number?
True
Let q(z) = -13*z. Let a be q(-1). Is a*(3 - (1 + 1)) prime?
True
Let m(a) = -2*a**2 - 16 + 12*a**2 - 8*a + 9. Let i be m(7). Suppose -4*k - 7*b + 3*b = -840, 2*k - 5*b - i = 0. Is k a prime number?
True
Suppose 5*a - 2*a - 93 = -4*n, -57 = -2*n - 5*a. Suppose -g = m - n, 3*g - 5 = -2*m + 56. Is g a composite number?
False
Suppose -2*h = -h + 17. Let n be 2/10 - 478/(-10). Let y = n + h. Is y a composite number?
False
Suppose 4*c = -4*r + 2 + 6, c + 5*r - 2 = 0. Suppose c*d + 8*o - 4*o = 0, -5*o = 5*d. Suppose d = -i + 2 + 35. Is i composite?
False
Suppose -2*t + 12 = 2. Let w = t - -9. Is w a prime number?
False
Let p = 2060 - 1314. Is p a prime number?
False
Is 1 + 7852/1